is the remainder when 16692542 is divided by 262?
260
What is the remainder when 179533 is divided by 41?
35
What is the remainder when 1043439 is divided by 40131?
33
What is the remainder when 122621 is divided by 39433?
4322
Calculate the remainder when 1136158 is divided by 6644.
34
What is the remainder when 203506 is divided by 1020?
526
Calculate the remainder when 219283 is divided by 317.
236
What is the remainder when 3204894 is divided by 428?
30
What is the remainder when 1104968 is divided by 4333?
53
What is the remainder when 44427820 is divided by 5990?
5980
Calculate the remainder when 19150092 is divided by 1126476.
0
What is the remainder when 293880391 is divided by 3867?
3859
Calculate the remainder when 1664075 is divided by 3219.
3071
What is the remainder when 78463678 is divided by 2209?
2207
Calculate the remainder when 1636741 is divided by 318.
313
Calculate the remainder when 6584537 is divided by 2637.
2585
Calculate the remainder when 855072 is divided by 3887.
3819
Calculate the remainder when 1085873 is divided by 63874.
15
What is the remainder when 644739 is divided by 2336?
3
Calculate the remainder when 4962102 is divided by 1654003.
93
What is the remainder when 16764 is divided by 180?
24
Calculate the remainder when 1979 is divided by 67.
36
What is the remainder when 2193852 is divided by 319?
89
Calculate the remainder when 2888694 is divided by 41.
39
Calculate the remainder when 645676 is divided by 20177.
12
What is the remainder when 82737 is divided by 2128?
1873
Calculate the remainder when 53569 is divided by 1010.
39
What is the remainder when 1534710 is divided by 964?
22
What is the remainder when 13218116 is divided by 1238?
1228
Calculate the remainder when 30810251 is divided by 35.
31
Calculate the remainder when 969166 is divided by 26913.
298
What is the remainder when 40136435 is divided by 268?
219
Calculate the remainder when 191816 is divided by 4693.
4096
Calculate the remainder when 6025718 is divided by 37.
9
What is the remainder when 2520091 is divided by 293?
291
What is the remainder when 25575 is divided by 498?
177
Calculate the remainder when 503493 is divided by 598.
575
What is the remainder when 611775 is divided by 3153?
93
What is the remainder when 238550 is divided by 238550?
0
What is the remainder when 824955 is divided by 41242?
115
Calculate the remainder when 152518 is divided by 76225.
68
Calculate the remainder when 11702 is divided by 5289.
1124
What is the remainder when 41944 is divided by 13465?
1549
Calculate the remainder when 12279 is divided by 74.
69
Calculate the remainder when 771911 is divided by 14564.
19
Calculate the remainder when 1637952 is divided by 317.
13
What is the remainder when 370212 is divided by 23?
4
What is the remainder when 1429556361 is divided by 524?
521
Calculate the remainder when 71039 is divided by 17665.
379
What is the remainder when 2240404 is divided by 1864?
1740
What is the remainder when 1516588 is divided by 2588?
20
Calculate the remainder when 1221966 is divided by 24.
6
Calculate the remainder when 52551486 is divided by 2166.
2160
Calculate the remainder when 76868412 is divided by 925.
912
What is the remainder when 2088616 is divided by 1779?
70
What is the remainder when 28627463 is divided by 146?
75
Calculate the remainder when 203304 is divided by 6480.
2424
Calculate the remainder when 11491725 is divided by 5745845.
35
What is the remainder when 108592 is divided by 759?
55
What is the remainder when 1756325 is divided by 103?
72
Calculate the remainder when 565439 is divided by 18765.
2489
What is the remainder when 19284546 is divided by 229?
227
Calculate the remainder when 3456303599 is divided by 300.
299
Calculate the remainder when 71589 is divided by 10203.
168
Calculate the remainder when 509542 is divided by 24243.
439
Calculate the remainder when 312826 is divided by 1373.
1155
What is the remainder when 1443418 is divided by 182?
158
What is the remainder when 4565918 is divided by 96?
62
What is the remainder when 2233 is divided by 135?
73
Calculate the remainder when 1086086 is divided by 155113.
295
What is the remainder when 2610249 is divided by 3943?
3926
Calculate the remainder when 840638 is divided by 159.
5
What is the remainder when 6826361 is divided by 585?
581
What is the remainder when 55489 is divided by 155?
154
Calculate the remainder when 183784 is divided by 226.
46
What is the remainder when 1169312 is divided by 661?
3
Calculate the remainder when 39226 is divided by 18800.
1626
Calculate the remainder when 23444083 is divided by 296.
291
Calculate the remainder when 573852322 is divided by 391.
390
Calculate the remainder when 43230130 is divided by 174.
4
Calculate the remainder when 140412 is divided by 5436.
4512
What is the remainder when 10101588 is divided by 4341?
81
What is the remainder when 34620 is divided by 6270?
3270
What is the remainder when 57700 is divided by 2403?
28
Calculate the remainder when 5186844 is divided by 41161.
558
What is the remainder when 68860709 is divided by 1765659?
8
Calculate the remainder when 292685 is divided by 73155.
65
What is the remainder when 438340 is divided by 31260?
700
What is the remainder when 270267519 is divided by 4882?
4881
What is the remainder when 14077 is divided by 426?
19
What is the remainder when 153243528 is divided by 2793?
2790
Calculate the remainder when 485609 is divided by 16745.
4
What is the remainder when 102312 is divided by 48790?
4732
Calculate the remainder when 941444 is divided by 31372.
284
Calculate the remainder when 130287 is divided by 34.
33
What is the remainder when 22724632 is divided by 90?
82
Calculate the remainder when 5146313 is divided by 185.
168
Calculate the remainder when 250698 is divided by 62378.
1186
Calculate the remainder when 228621 is divided by 1438.
1417
Calculate the remainder when 103368970 is divided by 2406.
2398
Calculate the remainder when 3749183 is divided by 2707.
2695
What is the remainder when 554221 is divided by 79166?
59
What is the remainder when 30145373 is divided by 734?
727
Calculate the remainder when 25262643 is divided by 74521.
24
What is the remainder when 320938 is divided by 1132?
582
Calculate the remainder when 72983699 is divided by 1682.
37
What is the remainder when 218039 is divided by 36049?
1745
What is the remainder when 23281013 is divided by 43?
39
What is the remainder when 340794 is divided by 113593?
15
What is the remainder when 487998 is divided by 1423?
1332
What is the remainder when 836337 is divided by 1529?
1503
Calculate the remainder when 264915 is divided by 50.
15
Calculate the remainder when 17115935 is divided by 950885.
5
Calculate the remainder when 4714567 is divided by 120.
7
What is the remainder when 657435 is divided by 46943?
233
What is the remainder when 1063664 is divided by 201?
173
What is the remainder when 88363561 is divided by 161?
160
What is the remainder when 59106856 is divided by 19702279?
19
Calculate the remainder when 7240 is divided by 1032.
16
What is the remainder when 11999624 is divided by 1329?
83
Calculate the remainder when 3484377 is divided by 3750.
627
What is the remainder when 708810 is divided by 144?
42
Calculate the remainder when 37164185 is divided by 20914.
7
What is the remainder when 13692114 is divided by 402?
396
Calculate the remainder when 560740 is divided by 216.
4
What is the remainder when 34623839 is divided by 2722?
2721
Calculate the remainder when 56099 is divided by 3120.
3059
Calculate the remainder when 2062152067 is divided by 7012.
7011
Calculate the remainder when 48290 is divided by 4389.
11
Calculate the remainder when 11731634 is divided by 249.
248
Calculate the remainder when 252988 is divided by 1613.
1360
What is the remainder when 466286 is divided by 1552?
686
Calculate the remainder when 4553115 is divided by 104.
99
Calculate the remainder when 5419910 is divided by 8.
6
What is the remainder when 527589 is divided by 175774?
267
Calculate the remainder when 324176 is divided by 5118.
1742
What is the remainder when 14022 is divided by 68?
14
What is the remainder when 897367 is divided by 224305?
147
What is the remainder 